{"id":31,"date":"2019-05-06T11:34:49","date_gmt":"2019-05-06T11:34:49","guid":{"rendered":"https:\/\/www.riberot.fr\/?page_id=31"},"modified":"2019-05-06T12:29:01","modified_gmt":"2019-05-06T12:29:01","slug":"nos-cochons","status":"publish","type":"page","link":"https:\/\/www.fermedeyak.fr\/?page_id=31","title":{"rendered":"Cochons"},"content":{"rendered":"\n<p>nos cochons nous aident \u00e0 nettoyer le terrain. Ils nous donnent chacque journ\u00e9e une joie \u00e9norme. Ils aiment gratter la terre, prendre leur bain de boue et reposer au soleil.<\/p>\n\n\n\n<ul class=\"wp-block-gallery columns-1 is-cropped wp-block-gallery-1 is-layout-flex wp-block-gallery-is-layout-flex\"><li class=\"blocks-gallery-item\"><figure><img loading=\"lazy\" decoding=\"async\" width=\"666\" height=\"375\" src=\"https:\/\/www.riberot.fr\/wp-content\/uploads\/2019\/05\/20190228_165550.jpg\" alt=\"\" data-id=\"15\" data-link=\"https:\/\/www.riberot.fr\/?attachment_id=15\" class=\"wp-image-15\" srcset=\"https:\/\/www.fermedeyak.fr\/wp-content\/uploads\/2019\/05\/20190228_165550.jpg 666w, https:\/\/www.fermedeyak.fr\/wp-content\/uploads\/2019\/05\/20190228_165550-300x169.jpg 300w\" sizes=\"auto, (max-width: 666px) 100vw, 666px\" \/><\/figure><\/li><li class=\"blocks-gallery-item\"><figure><img loading=\"lazy\" decoding=\"async\" width=\"666\" height=\"375\" src=\"https:\/\/www.riberot.fr\/wp-content\/uploads\/2019\/05\/20190330_183831.jpg\" alt=\"\" data-id=\"17\" data-link=\"https:\/\/www.riberot.fr\/?attachment_id=17\" class=\"wp-image-17\" srcset=\"https:\/\/www.fermedeyak.fr\/wp-content\/uploads\/2019\/05\/20190330_183831.jpg 666w, https:\/\/www.fermedeyak.fr\/wp-content\/uploads\/2019\/05\/20190330_183831-300x169.jpg 300w\" sizes=\"auto, (max-width: 666px) 100vw, 666px\" \/><\/figure><\/li><li class=\"blocks-gallery-item\"><figure><img loading=\"lazy\" decoding=\"async\" width=\"666\" height=\"375\" src=\"https:\/\/www.riberot.fr\/wp-content\/uploads\/2019\/05\/20190331_173416.jpg\" alt=\"\" data-id=\"19\" data-link=\"https:\/\/www.riberot.fr\/?attachment_id=19\" class=\"wp-image-19\" srcset=\"https:\/\/www.fermedeyak.fr\/wp-content\/uploads\/2019\/05\/20190331_173416.jpg 666w, https:\/\/www.fermedeyak.fr\/wp-content\/uploads\/2019\/05\/20190331_173416-300x169.jpg 300w\" sizes=\"auto, (max-width: 666px) 100vw, 666px\" \/><\/figure><\/li><\/ul>\n\n\n\n<p><\/p>\n\n\n\n\n\n<p><br><\/p>\n","protected":false},"excerpt":{"rendered":"<p>nos cochons nous aident \u00e0 nettoyer le terrain. Ils nous donnent chacque journ\u00e9e une joie \u00e9norme. Ils aiment gratter la terre, prendre leur bain de boue et reposer au soleil.<\/p>\n","protected":false},"author":1,"featured_media":0,"parent":12,"menu_order":0,"comment_status":"open","ping_status":"closed","template":"","meta":{"footnotes":""},"class_list":["post-31","page","type-page","status-publish","hentry","entry"],"_links":{"self":[{"href":"https:\/\/www.fermedeyak.fr\/index.php?rest_route=\/wp\/v2\/pages\/31","targetHints":{"allow":["GET"]}}],"collection":[{"href":"https:\/\/www.fermedeyak.fr\/index.php?rest_route=\/wp\/v2\/pages"}],"about":[{"href":"https:\/\/www.fermedeyak.fr\/index.php?rest_route=\/wp\/v2\/types\/page"}],"author":[{"embeddable":true,"href":"https:\/\/www.fermedeyak.fr\/index.php?rest_route=\/wp\/v2\/users\/1"}],"replies":[{"embeddable":true,"href":"https:\/\/www.fermedeyak.fr\/index.php?rest_route=%2Fwp%2Fv2%2Fcomments&post=31"}],"version-history":[{"count":2,"href":"https:\/\/www.fermedeyak.fr\/index.php?rest_route=\/wp\/v2\/pages\/31\/revisions"}],"predecessor-version":[{"id":64,"href":"https:\/\/www.fermedeyak.fr\/index.php?rest_route=\/wp\/v2\/pages\/31\/revisions\/64"}],"up":[{"embeddable":true,"href":"https:\/\/www.fermedeyak.fr\/index.php?rest_route=\/wp\/v2\/pages\/12"}],"wp:attachment":[{"href":"https:\/\/www.fermedeyak.fr\/index.php?rest_route=%2Fwp%2Fv2%2Fmedia&parent=31"}],"curies":[{"name":"wp","href":"https:\/\/api.w.org\/{rel}","templated":true}]}}